{"id":2803,"date":"2023-02-05T11:03:32","date_gmt":"2023-02-05T10:03:32","guid":{"rendered":"https:\/\/valentinaduna.com\/?post_type=product&#038;p=2803"},"modified":"2023-09-25T17:35:09","modified_gmt":"2023-09-25T15:35:09","slug":"tribute-to-buzanzi","status":"publish","type":"product","link":"https:\/\/valentinaduna.com\/?product=tribute-to-buzanzi","title":{"rendered":"Tribute to Buzanzi"},"content":{"rendered":"<p>Valentina Duna &#8211; voice on 1, 2, 3, 4, 5 &amp; 6 and<br \/>\nshruti box on 1, tanpura, bowls, gundguru,<br \/>\nand magic percussions on 2, 3 &amp; 5<br \/>\nGuillaume Pouget &#8211; tar on 3<br \/>\nMarcos Miranda &#8211; ney on 3<br \/>\nS\u00e9bastien \u2018Mellow Mood\u2019 Houot &#8211; basse,<br \/>\nguitare on 6<br \/>\nFabien \u2018Fabwise\u2019 Boyer &#8211; clavier and mix on 6<br \/>\nBilal &#8211; sitar tabla &amp; voice on 5<br \/>\nMix\u00e9 au Wise Studio par \u2018Mellow Mood\u2019<br \/>\nMasteris\u00e9 \u00e0 129H Studio par Nicolas S\u00e9lambin<br \/>\ninfos: adunayoga@gmail.com<\/p>\n<p>&nbsp;<\/p>\n<style>\n\t\tbody {<br \/>\t\t\t\tfont-family: \"Josefin Sans\", sans-serif;<br \/>font-weight: 300;<br \/>color: #7A7A7A;<br \/>\t\t}<br \/>\t<\/style>\n<p>&nbsp;<\/p>\n<div dir=\"auto\"><strong>Listen to my song !<\/strong><\/div>\n<div dir=\"auto\"><\/div>\n<div dir=\"auto\">\n<!--[if lt IE 9]><script>document.createElement('audio');<\/script><![endif]-->\n<audio class=\"wp-audio-shortcode\" id=\"audio-2803-1\" preload=\"none\" style=\"width: 100%;\" controls=\"controls\"><source type=\"audio\/mpeg\" src=\"https:\/\/valentinaduna.com\/wp-content\/uploads\/2023\/02\/Tribute-to-Buzanzi.mp3?_=1\" \/><a href=\"https:\/\/valentinaduna.com\/wp-content\/uploads\/2023\/02\/Tribute-to-Buzanzi.mp3\">https:\/\/valentinaduna.com\/wp-content\/uploads\/2023\/02\/Tribute-to-Buzanzi.mp3<\/a><\/audio>\n<\/div>\n","protected":false},"excerpt":{"rendered":"<p>&nbsp;<\/p>\n<div class=\"is-layout-flex wp-container-3 wp-block-columns has-2-columns\">\n<div class=\"is-layout-flow wp-block-column\"><\/div>\n<\/div>\n","protected":false},"featured_media":4405,"comment_status":"closed","ping_status":"closed","template":"","meta":[],"product_brand":[],"product_cat":[31],"product_tag":[],"class_list":{"0":"post-2803","1":"product","2":"type-product","3":"status-publish","4":"has-post-thumbnail","6":"product_cat-album-2011","8":"first","9":"instock","10":"shipping-taxable","11":"purchasable","12":"product-type-variable"},"yoast_head":"<!-- This site is optimized with the Yoast SEO plugin v26.7 - https:\/\/yoast.com\/wordpress\/plugins\/seo\/ -->\n<title>Tribute to Buzanzi - Here &amp; now<\/title>\n<meta name=\"robots\" content=\"index, follow, max-snippet:-1, max-image-preview:large, max-video-preview:-1\" \/>\n<link rel=\"canonical\" href=\"https:\/\/valentinaduna.com\/?product=tribute-to-buzanzi\" \/>\n<meta property=\"og:locale\" content=\"fr_FR\" \/>\n<meta property=\"og:type\" content=\"article\" \/>\n<meta property=\"og:title\" content=\"Tribute to Buzanzi - Here &amp; now\" \/>\n<meta property=\"og:description\" content=\"&nbsp;\" \/>\n<meta property=\"og:url\" content=\"https:\/\/valentinaduna.com\/?product=tribute-to-buzanzi\" \/>\n<meta property=\"og:site_name\" content=\"Here &amp; now\" \/>\n<meta property=\"article:modified_time\" content=\"2023-09-25T15:35:09+00:00\" \/>\n<meta property=\"og:image\" content=\"https:\/\/valentinaduna.com\/wp-content\/uploads\/2023\/03\/to-Iaorana-pochette.jpg\" \/>\n\t<meta property=\"og:image:width\" content=\"1400\" \/>\n\t<meta property=\"og:image:height\" content=\"1400\" \/>\n\t<meta property=\"og:image:type\" content=\"image\/jpeg\" \/>\n<meta name=\"twitter:card\" content=\"summary_large_image\" \/>\n<meta name=\"twitter:label1\" content=\"Dur\u00e9e de lecture estim\u00e9e\" \/>\n\t<meta name=\"twitter:data1\" content=\"1 minute\" \/>\n<script type=\"application\/ld+json\" class=\"yoast-schema-graph\">{\"@context\":\"https:\/\/schema.org\",\"@graph\":[{\"@type\":\"WebPage\",\"@id\":\"https:\/\/valentinaduna.com\/?product=tribute-to-buzanzi\",\"url\":\"https:\/\/valentinaduna.com\/?product=tribute-to-buzanzi\",\"name\":\"Tribute to Buzanzi - Here &amp; now\",\"isPartOf\":{\"@id\":\"https:\/\/valentinaduna.com\/#website\"},\"primaryImageOfPage\":{\"@id\":\"https:\/\/valentinaduna.com\/?product=tribute-to-buzanzi#primaryimage\"},\"image\":{\"@id\":\"https:\/\/valentinaduna.com\/?product=tribute-to-buzanzi#primaryimage\"},\"thumbnailUrl\":\"https:\/\/valentinaduna.com\/wp-content\/uploads\/2023\/03\/to-Iaorana-pochette.jpg\",\"datePublished\":\"2023-02-05T10:03:32+00:00\",\"dateModified\":\"2023-09-25T15:35:09+00:00\",\"breadcrumb\":{\"@id\":\"https:\/\/valentinaduna.com\/?product=tribute-to-buzanzi#breadcrumb\"},\"inLanguage\":\"fr-FR\",\"potentialAction\":[{\"@type\":\"ReadAction\",\"target\":[\"https:\/\/valentinaduna.com\/?product=tribute-to-buzanzi\"]}]},{\"@type\":\"ImageObject\",\"inLanguage\":\"fr-FR\",\"@id\":\"https:\/\/valentinaduna.com\/?product=tribute-to-buzanzi#primaryimage\",\"url\":\"https:\/\/valentinaduna.com\/wp-content\/uploads\/2023\/03\/to-Iaorana-pochette.jpg\",\"contentUrl\":\"https:\/\/valentinaduna.com\/wp-content\/uploads\/2023\/03\/to-Iaorana-pochette.jpg\",\"width\":1400,\"height\":1400},{\"@type\":\"BreadcrumbList\",\"@id\":\"https:\/\/valentinaduna.com\/?product=tribute-to-buzanzi#breadcrumb\",\"itemListElement\":[{\"@type\":\"ListItem\",\"position\":1,\"name\":\"Accueil\",\"item\":\"https:\/\/valentinaduna.com\/\"},{\"@type\":\"ListItem\",\"position\":2,\"name\":\"Boutique\",\"item\":\"https:\/\/valentinaduna.com\/?page_id=1095\"},{\"@type\":\"ListItem\",\"position\":3,\"name\":\"Tribute to Buzanzi\"}]},{\"@type\":\"WebSite\",\"@id\":\"https:\/\/valentinaduna.com\/#website\",\"url\":\"https:\/\/valentinaduna.com\/\",\"name\":\"Here &amp; now\",\"description\":\"Valentina Duna \u2022 World Wild Yogini \u00e0 plumes\",\"potentialAction\":[{\"@type\":\"SearchAction\",\"target\":{\"@type\":\"EntryPoint\",\"urlTemplate\":\"https:\/\/valentinaduna.com\/?s={search_term_string}\"},\"query-input\":{\"@type\":\"PropertyValueSpecification\",\"valueRequired\":true,\"valueName\":\"search_term_string\"}}],\"inLanguage\":\"fr-FR\"}]}<\/script>\n<!-- \/ Yoast SEO plugin. -->","yoast_head_json":{"title":"Tribute to Buzanzi - Here &amp; now","robots":{"index":"index","follow":"follow","max-snippet":"max-snippet:-1","max-image-preview":"max-image-preview:large","max-video-preview":"max-video-preview:-1"},"canonical":"https:\/\/valentinaduna.com\/?product=tribute-to-buzanzi","og_locale":"fr_FR","og_type":"article","og_title":"Tribute to Buzanzi - Here &amp; now","og_description":"&nbsp;","og_url":"https:\/\/valentinaduna.com\/?product=tribute-to-buzanzi","og_site_name":"Here &amp; now","article_modified_time":"2023-09-25T15:35:09+00:00","og_image":[{"width":1400,"height":1400,"url":"https:\/\/valentinaduna.com\/wp-content\/uploads\/2023\/03\/to-Iaorana-pochette.jpg","type":"image\/jpeg"}],"twitter_card":"summary_large_image","twitter_misc":{"Dur\u00e9e de lecture estim\u00e9e":"1 minute"},"schema":{"@context":"https:\/\/schema.org","@graph":[{"@type":"WebPage","@id":"https:\/\/valentinaduna.com\/?product=tribute-to-buzanzi","url":"https:\/\/valentinaduna.com\/?product=tribute-to-buzanzi","name":"Tribute to Buzanzi - Here &amp; now","isPartOf":{"@id":"https:\/\/valentinaduna.com\/#website"},"primaryImageOfPage":{"@id":"https:\/\/valentinaduna.com\/?product=tribute-to-buzanzi#primaryimage"},"image":{"@id":"https:\/\/valentinaduna.com\/?product=tribute-to-buzanzi#primaryimage"},"thumbnailUrl":"https:\/\/valentinaduna.com\/wp-content\/uploads\/2023\/03\/to-Iaorana-pochette.jpg","datePublished":"2023-02-05T10:03:32+00:00","dateModified":"2023-09-25T15:35:09+00:00","breadcrumb":{"@id":"https:\/\/valentinaduna.com\/?product=tribute-to-buzanzi#breadcrumb"},"inLanguage":"fr-FR","potentialAction":[{"@type":"ReadAction","target":["https:\/\/valentinaduna.com\/?product=tribute-to-buzanzi"]}]},{"@type":"ImageObject","inLanguage":"fr-FR","@id":"https:\/\/valentinaduna.com\/?product=tribute-to-buzanzi#primaryimage","url":"https:\/\/valentinaduna.com\/wp-content\/uploads\/2023\/03\/to-Iaorana-pochette.jpg","contentUrl":"https:\/\/valentinaduna.com\/wp-content\/uploads\/2023\/03\/to-Iaorana-pochette.jpg","width":1400,"height":1400},{"@type":"BreadcrumbList","@id":"https:\/\/valentinaduna.com\/?product=tribute-to-buzanzi#breadcrumb","itemListElement":[{"@type":"ListItem","position":1,"name":"Accueil","item":"https:\/\/valentinaduna.com\/"},{"@type":"ListItem","position":2,"name":"Boutique","item":"https:\/\/valentinaduna.com\/?page_id=1095"},{"@type":"ListItem","position":3,"name":"Tribute to Buzanzi"}]},{"@type":"WebSite","@id":"https:\/\/valentinaduna.com\/#website","url":"https:\/\/valentinaduna.com\/","name":"Here &amp; now","description":"Valentina Duna \u2022 World Wild Yogini \u00e0 plumes","potentialAction":[{"@type":"SearchAction","target":{"@type":"EntryPoint","urlTemplate":"https:\/\/valentinaduna.com\/?s={search_term_string}"},"query-input":{"@type":"PropertyValueSpecification","valueRequired":true,"valueName":"search_term_string"}}],"inLanguage":"fr-FR"}]}},"_links":{"self":[{"href":"https:\/\/valentinaduna.com\/index.php?rest_route=\/wp\/v2\/product\/2803","targetHints":{"allow":["GET"]}}],"collection":[{"href":"https:\/\/valentinaduna.com\/index.php?rest_route=\/wp\/v2\/product"}],"about":[{"href":"https:\/\/valentinaduna.com\/index.php?rest_route=\/wp\/v2\/types\/product"}],"replies":[{"embeddable":true,"href":"https:\/\/valentinaduna.com\/index.php?rest_route=%2Fwp%2Fv2%2Fcomments&post=2803"}],"wp:featuredmedia":[{"embeddable":true,"href":"https:\/\/valentinaduna.com\/index.php?rest_route=\/wp\/v2\/media\/4405"}],"wp:attachment":[{"href":"https:\/\/valentinaduna.com\/index.php?rest_route=%2Fwp%2Fv2%2Fmedia&parent=2803"}],"wp:term":[{"taxonomy":"product_brand","embeddable":true,"href":"https:\/\/valentinaduna.com\/index.php?rest_route=%2Fwp%2Fv2%2Fproduct_brand&post=2803"},{"taxonomy":"product_cat","embeddable":true,"href":"https:\/\/valentinaduna.com\/index.php?rest_route=%2Fwp%2Fv2%2Fproduct_cat&post=2803"},{"taxonomy":"product_tag","embeddable":true,"href":"https:\/\/valentinaduna.com\/index.php?rest_route=%2Fwp%2Fv2%2Fproduct_tag&post=2803"}],"curies":[{"name":"wp","href":"https:\/\/api.w.org\/{rel}","templated":true}]}}